hest common factor of t and 549.
9
Let k be 155 + 7 + -5 + 33/11. Calculate the greatest common divisor of 16160 and k.
160
Suppose 320*c = 455*c - 88020. Calculate the greatest common factor of c and 4.
4
Suppose 0 = 2*w + 4*j - 20, 4*w + 3*j = w + 45. Suppose -z = -3 - 2. Suppose -z*l = 5*l - 40. Calculate the highest common factor of l and w.
4
Let n(i) = -i**2 + i + 1. Let d be n(0). Suppose 3*m + 20 = 5*p, p - 3*m - 9 = -5. Suppose 0 = s - 9 + p. What is the highest common factor of d and s?
1
Let y be -1 + 2 + 15 + -3. Let c = -104 - 20. Let w = 228 + c. Calculate the greatest common divisor of y and w.
13
Let p = -60 + 66. Suppose -g = -2*g + v + 3, 4*v + p = -2*g. What is the highest common factor of 10 and g?
1
Suppose -13272 = -746*n + 739*n. Suppose -36*r + n = 312. Suppose u - 6 = 16. Calculate the highest common divisor of r and u.
22
Let g(z) = -5*z - 90. Let v be g(-31). Let u = 5 + v. What is the greatest common factor of 30 and u?
10
Let z = 22 - -83. Let s(a) = -a**2 + a + 1. Let t(p) = -5*p**2 + 8*p + 3. Let c(m) = 3*s(m) - t(m). Let o be c(6). What is the highest common factor of o and z?
21
Suppose -2*p = -0*p - 616. Let c be -12*26/195*-55. What is the highest common factor of c and p?
44
Let w be -1*(14 + 1/1). Let j(v) = -v**3 - 15*v**2 - 18*v + 1. Let m be j(w). Let d = -193 + m. Calculate the highest common divisor of d and 26.
26
Suppose -3*m + 195 = -114. Let t = m - 74. Calculate the greatest common factor of t and 58.
29
Let u(y) = 18*y**3 - 4*y**2 + 5*y - 9. Let l be u(2). Calculate the highest common divisor of l and 5289.
129
Let x = -159 + 94. Suppose 2*g + 228 = -g + 4*k, 0 = 2*g + 4*k + 132. Let b = x - g. What is the greatest common divisor of 77 and b?
7
Suppose -11*f - b + 11 = -9*f, f - 5*b = 0. Suppose -f*q - 70 = -12*q. Calculate the highest common factor of 165 and q.
5
Let w be (-24)/(-36) + 6/(-9) + 3. Calculate the greatest common divisor of w and 363.
3
Let q = 18198 - 18132. What is the greatest common factor of q and 3806?
22
Let k be -50*2/10*(-20)/8. What is the highest common factor of 3200 and k?
25
Let c = 33 - 28. Suppose -i = -b + c, 9 - 34 = 5*b + 5*i. Suppose -4*k = 3*y - 235, b*y - 5*y - 250 = -5*k. What is the highest common factor of 22 and k?
11
Suppose 3*s - 9 - 21 = 0. Suppose 87*d - 32141 = -260*d + 824. What is the greatest common factor of s and d?
5
Let k = -72 - -81. Suppose 6 - 168 = -k*w. What is the highest common factor of w and 54?
18
Suppose 26*a - 51*a + 154800 = 0. What is the greatest common divisor of a and 48?
48
Let t = 34330 + -27417. What is the greatest common divisor of t and 1115?
223
Let t be (-2*(-6)/8 + (-1026)/76)*-9. Calculate the greatest common factor of t and 132.
12
Let h = -112 + 314. Suppose -5*b + 2*d + h = 0, -2*b + 2*d - 118 = -5*b. Calculate the greatest common divisor of 360 and b.
40
Suppose -5*h + 2*g = 55, -2 = -5*h + 3*h - 4*g. Suppose -361*u + 20 = -359*u. Let v = u + h. What is the highest common divisor of v and 5?
1
Suppose 0 = 2*b - z - 1249, 0 = b - 121*z + 119*z - 626. What is the highest common factor of b and 702?
78
Let q = -98 + 105. Let w = -90 - q. Let y = -52 - w. Calculate the highest common factor of 15 and y.
15
Suppose 30*q = 31*q - 40. Suppose -3*h - 2*b + 12 = -26, -22 = -3*h + 2*b. Calculate the greatest common factor of q and h.
10
Let k be (13/3)/((-10296)/(-14256)). What is the highest common divisor of 151 and k?
1
Suppose 12*t + 5*t = -8*t + 99975. What is the highest common divisor of t and 1290?
129
Let t(b) = 505*b**2 + 22*b - 23. Let x be t(1). Suppose 187 - 277 = -5*n. What is the greatest common divisor of x and n?
18
Let o(v) = v**2 + 31*v + 14. Let z be o(-33). Suppose z = -l - 5*j + 546, -4*l = j - 1921. Calculate the greatest common divisor of l and 13.
13
Suppose -7416 = -17*f - 86*f. What is the greatest common factor of 256 and f?
8
Let q = 15725 + -15620. What is the greatest common divisor of q and 2478?
21
Suppose x - h = 804, 3*x + 828 = 4*x + 5*h. Calculate the greatest common factor of 8 and x.
8
Suppose 3*i - 455 = 4*v, v - 319 = -3*i + 141. Let h = 8 - 17. Let x = h - -18. Calculate the greatest common divisor of i and x.
9
Let k = -15695 + 15742. Let g(s) = s**2 - s - 366. Let j be g(0). Let a = j - -742. What is the highest common factor of a and k?
47
Let q be 6/(-2)*((-32)/(-8) + -63). Suppose 3*b - 657 = -q. What is the highest common divisor of b and 20?
20
Suppose -2*a + 102 = -378. Let m = 356 + -326. What is the greatest common divisor of a and m?
30
Let n(t) = 10*t - 10 - 26*t + 18 - 14. Let h be n(-1). What is the highest common divisor of h and 430?
10
Suppose 981 + 748 = 91*g. Calculate the highest common divisor of 2299 and g.
19
Suppose 0 = -6*z + 201 - 45. Let h = z - 10. Suppose -2*w + 540 + 16 = 5*n, 0 = -4*n - 4*w + 440. What is the greatest common factor of n and h?
16
Let j(a) = -2*a**3 - 16*a**2 - 19*a + 2. Let t be j(-7). Suppose -5*c + 176 = 2*q - 194, 3*q - 3*c - 555 = 0. What is the highest common factor of t and q?
37
Let u be (-1)/((-8)/1983) - 1/(-8 + 0). Let b = -2 - -10. Calculate the greatest common factor of b and u.
8
Let u be (-4 - 1)*(3/(-3) + -91). Suppose -u*j = -461*j + 4. Let g = -28 + 80. What is the highest common divisor of g and j?
4
Let a = 423 - 429. Let d be a + (-4 - -5 - -50). Let q(f) = -14*f + 1. Let b be q(-1). Calculate the highest common factor of b and d.
15
Let p(d) = -7*d**3 - 4*d**2 + 4*d + 6. Let q be p(-4). Let n = 439 + -405. Calculate the greatest common factor of q and n.
34
Let w(s) be the second derivative of -s**4/12 + 23*s**3/6 - 23*s**2 - 9*s + 1. Let a be w(8). What is the greatest common factor of a and 37?
37
Let t(a) = a**2 - 31*a - 177. Let k be t(-5). Suppose k*v + 8*u = 4*u + 143, 2*u - 151 = -3*v. What is the greatest common factor of 689 and v?
53
Let m be (-123959)/(-1146) + (-1)/6. What is the greatest common divisor of m and 3294?
54
Let f be -1 - (20/(-4) + 2). Suppose 0 = 7*p - f*p - 295. Let l = p - 17. What is the highest common divisor of 6 and l?
6
Let v = -67 + -79. Let s = 196 + v. Calculate the greatest common divisor of s and 130.
10
Suppose -878*r + 3468 = -872*r. Let p = 642 - r. What is the greatest common factor of 8 and p?
8
Let d(g) = -10*g + 48. Let y be d(5). Let c be y/(-9) - 0 - 2102/(-18). What is the highest common factor of 9 and c?
9
Let o be (-6)/9 - (-290)/3. Let l be (10/(-6))/((-2)/288). Calculate the greatest common factor of o and l.
48
Let g(w) = -4 - 3*w + 5 + 13 + 20. Let y be g(6). Suppose 2*d - 17 - 63 = 0. Calculate the highest common factor of y and d.
8
Let q = -2 - -10. Let u(i) = i**2 - 5*i - 6. Let p be u(q). Let s be 2 + 70 - (1 + -1). Calculate the greatest common factor of p and s.
18
Let m = -6589 + 7120. Calculate the highest common factor of m and 472.
59
Suppose 48*t = 45*t - 51. Let m = t - -26. Suppose -50*g = -39*g - 495. Calculate the greatest common divisor of g and m.
9
Suppose k + 2*k = 96. Suppose -8*g + 7*g + 2 = 0. Let v = 18 - g. Calculate the highest common factor of v and k.
16
Suppose 5*g = 2*g + 180. Suppose 0 = 23*d - 6578 - 9292. What is the greatest common divisor of d and g?
30
Suppose -5*h = 50 - 155. Let i = h - 10. Suppose -5*u + 30 = -5*d, d + 20 = -3*d. What is the greatest common factor of i and u?
1
Let k be -21*9/(-63) - -97. Suppose 7*l - 3*l - 86 = -w, w - 104 = 2*l. Let t = k - w. What is the greatest common divisor of 2 and t?
2
Let v be 2/(-17) + (-11375)/(-595) + -4. Calculate the highest common factor of 12765 and v.
15
Let y = 1576 + 1424. Calculate the highest common factor of y and 60.
60
Let y(w) = -w**3 + 4*w**2 - 2*w + 2236. Let k be y(0). Calculate the highest common factor of 65 and k.
13
Suppose 131*i + 44 = 142*i. Suppose -o - 4*z = -i, 2*o - o - 4*z - 4 = 0. Calculate the highest common factor of 54 and o.
2
Let m = 946 + -918. Let r = m - 25. Calculate the greatest common divisor of r and 51.
3
Suppose 45*l = 46*l + 2*k - 10, l - 6*k - 26 = 0. What is the highest common factor of l and 259?
7
Let c(h) = h**2 + 30*h - 244. Let d be c(-40). Let o = d + -132. What is the greatest common factor of o and 108?
12
Suppose -2*r = 2, -2*z + 75 = -0*r + r. Let u(s) = s**3 - 14*s**2 - 25*s + 40. Let f be u(16). What is the highe